, what is 25 - 1408?
-1373
In base 16, what is 3200ca - 1?
3200c9
In base 15, what is -1b + 580?
564
In base 12, what is 295 + a20a?
a4a3
In base 6, what is 11523 + -130?
11353
In base 10, what is -41916 + 2?
-41914
In base 8, what is -633 - 414?
-1247
In base 3, what is -110022012220 - -2?
-110022012211
In base 11, what is -3005350 + 4?
-3005347
In base 6, what is 14 - 105033?
-105015
In base 7, what is -210 - -235?
25
In base 4, what is 1003 - 323321?
-322312
In base 7, what is -5 + 2051525?
2051520
In base 5, what is -33 - -34301024?
34300441
In base 6, what is 1101 + 14?
1115
In base 8, what is 0 - -21413?
21413
In base 3, what is -1102 + 10002000?
10000121
In base 7, what is -144 - -6064?
5620
In base 4, what is -311 + -1210230?
-1211201
In base 14, what is 80 + -605?
-565
In base 4, what is 12101313332 - -2?
12101320000
In base 14, what is 4 - -174535?
174539
In base 13, what is -cc33 - 15?
-cc48
In base 5, what is -143 - -310303?
310110
In base 7, what is 2114 + -313?
1501
In base 3, what is 2102 + 12102220?
12112022
In base 15, what is -12a21 - -5?
-12a1b
In base 6, what is 0 - 114540?
-114540
In base 10, what is 5 + -156015?
-156010
In base 11, what is -243797 + 2?
-243795
In base 5, what is -12142 - -3?
-12134
In base 12, what is -823b7 - -3?
-823b4
In base 2, what is 101110101 - -10111111?
1000110100
In base 7, what is -1102 - -1140?
35
In base 8, what is 33647 - -14?
33663
In base 14, what is 8 - -13d5b0?
13d5b8
In base 12, what is 0 + 3b2?
3b2
In base 8, what is 2043131 + -3?
2043126
In base 14, what is -709b2b + 0?
-709b2b
In base 9, what is -3 + -1717332?
-1717335
In base 14, what is 28 - -4364?
438c
In base 2, what is -101 + 1011100000011010?
1011100000010101
In base 13, what is -10ac - -7?
-10a5
In base 6, what is 12 + 11455221?
11455233
In base 8, what is 72053 - -2?
72055
In base 15, what is -16cdbb + -6?
-16cdc2
In base 2, what is 1001011011111101110 - 1?
1001011011111101101
In base 9, what is 11 - -13370?
13381
In base 2, what is 11111 + -100111101111?
-100111010000
In base 3, what is -202212002011 + 20?
-202212001221
In base 2, what is 11110111 - -100111101?
1000110100
In base 13, what is -280 + 79?
-204
In base 12, what is 38 + 1348?
1384
In base 3, what is -11 + 21211201?
21211120
In base 6, what is 1552144 - 11?
1552133
In base 3, what is 12001 - 2111200?
-2022122
In base 8, what is -7476356 - -2?
-7476354
In base 8, what is -70335 + 0?
-70335
In base 3, what is 11220 + 220212?
1002202
In base 5, what is 321 - -2220?
3041
In base 5, what is -2 - 2004242?
-2004244
In base 2, what is -100111101100101 + -10111?
-100111101111100
In base 2, what is -10001 - -11010111110101?
11010111100100
In base 8, what is 1 - 206343?
-206342
In base 3, what is -1121 - -1022010?
1020112
In base 16, what is 5aa + 53?
5fd
In base 8, what is 15 - 160031?
-160014
In base 9, what is 17 - 361?
-343
In base 13, what is 649 + 58?
6a4
In base 15, what is -8ae + -bb?
-97a
In base 4, what is -2331 - -10313?
1322
In base 2, what is 101 - -1101111110100?
1101111111001
In base 3, what is 112 - -101011212221?
101011220110
In base 12, what is a1 + 12b?
210
In base 5, what is 100204223 + 23?
100204301
In base 4, what is -1012021 - 3203?
-1021230
In base 2, what is -1111111011000 + 11?
-1111111010101
In base 9, what is -245881 - 4?
-245885
In base 14, what is -1a5a - -11?
-1a49
In base 10, what is 282 - -304?
586
In base 10, what is 2260 - 57?
2203
In base 4, what is -11 + 2033031022?
2033031011
In base 15, what is 0 + 3377?
3377
In base 2, what is -100 - -1111010101100110?
1111010101100010
In base 4, what is 112 + -2332011?
-2331233
In base 5, what is -222442234 - 10?
-222442244
In base 4, what is 2111 + -20210?
-12033
In base 13, what is -4 - 140c27?
-140c2b
In base 16, what is bb47 + -13?
bb34
In base 7, what is -2166 - 5?
-2204
In base 3, what is 220012112 - -101?
220012220
In base 13, what is 7708 + -2?
7706
In base 2, what is -101010010 + 110101111?
1011101
In base 9, what is 3 - -26010?
26013
In base 7, what is 2 - -446206?
446211
In base 6, what is -530012 + 1?
-530011
In base 3, what is -1 + 212121?
212120
In base 13, what is -bcc + -6c4?
-15c3
In base 11, what is 1 + 233210?
233211
In base 14, what is 7d7 + -1?
7d6
In base 10, what is 0 - -1123?
1123
In base 3, what is 112022 - 120?
111202
In base 12, what is -b831 - 0?
-b831
In base 6, what is -1125 + -2120?
-3245
In base 8, what is 1166 - 27?
1137
In base 13, what is 2 + 963?
965
In base 6, what is -523104 - 11?
-523115
In base 8, what is 1 + -101334?
-101333
In base 9, what is 32301 + -304?
31886
In base 5, what is -21224 + -320?
-22044
In base 4, what is -112100230 + -30?
-112100320
In base 11, what is -3 - -21222?
2121a
In base 12, what is 3b786 + -1?
3b785
In base 6, what is 4 - -1131020?
1131024
In base 6, what is -3 - -30054115?
30054112
In base 6, what is -5 + 4514?
4505
In base 15, what is -2779 - -44?
-2735
In base 9, what is -746663 + 4?
-746658
In base 6, what is -242431 - -4?
-242423
In base 6, what is 23345353 + 5?
23345402
In base 2, what is -1001011100000001 + 10?
-1001011011111111
In base 5, what is 31 + -1412?
-1331
In base 16, what is -79b - -8e?
-70d
In base 5, what is -14 - 123114?
-123133
In base 9, what is 184473 + -3?
184470
In base 13, what is -2b231 - -4?
-2b22a
In base 2, what is -100010110 - 1101010?
-110000000
In base 5, what is 21 - -14020?
14041
In base 11, what is 2095 - 4?
2091
In base 10, what is 0 + -1577766?
-1577766
In base 6, what is -1000445 + 1?
-1000444
In base 4, what is 0 - 2102223?
-2102223
In base 12, what is 5bb1 + 19?
600a
In base 2, what is 10 + 11101000100000?
11101000100010
In base 2, what is 10110 + -1000001010101101001?
-1000001010101010011
In base 9, what is -651 - 27?
-678
In base 14, what is 5 - 1903b?
-19036
In base 5, what is 34 + -311141?
-311102
In base 3, what is -11222222 - 1201?
-12001200
In base 15, what is -6 + 355e8?
355e2
In base 5, what is -112300 + -22?
-112322
In base 6, what is 140 + 4041?
4221
In base 6, what is -2101 - -1221?
-440
In base 2, what is 0 + 11001010011011?
11001010011011
In base 11, what is 58029 + 8?
58036
In base 5, what is 1 - 312044?
-312043
In base 5, what is 410243401 + 10?
410243411
In base 2, what is 11110111 - -100110011011001?
100110111010000
In base 2, what is 101000010110101 + -11?
101000010110010
In base 13, what is -5c3 - 3?
-5c6
In base 11, what is -94aa8 + -5?
-95002
In base 2, what is 1 - 10001010010011100?
-10001010010011011
In base 16, what is 87c3 + -2?
87c1
In base 3, what is -10222101202220 + 10?
-10222101202210
In base 8, what is -1 - 37270?
-37271
In base 8, what is 24 + -261?
-235
In base 10, what is 3050 - -10?
3060
In base 15, what is -3 + 541b6?
541b3
In base 5, what is -303421222 - -10?
-303421212
In base 12, what is -7536 + -8?
-7542
In base 4, what is -3 + 13030220?
13030211
In base 15, what is -a - -87b?
871
In base 14, what is 5 + 28d7?
28dc
In base 2, what is 10000 - 1010011101000?
-1010011011000
In base 9, what is 4 - 141720?
-141715
In base 6, what is -553 - -400?
-153
In base 5, what is -3111314 + 3?
-3111311
In base 5, what is -224104 + 1?
-224103
In base 12, what is 3205 - 0?
3205
In base 11, what is 5 + 3495?
349a
In base 2, what is -101110 + -1001001101100?
-1001010011010
In base 2, what is 101011101 + 100001011111?
100110111100
In base 10, what is -455 - 935?
-1390
In base 3, what is -221222201 - 1000?
-222000201
In base 10, what is -1 - 240?
-241
In base 13, what is -36 - -727?
6c1
In base 15, what is a - -25d3?
25dd
In base 4, what is 10 - 1320?
-1310
In base 11, what is 3 - 7a?
-77
In base 15, what is -18 + 6785?
676c
In base 16, what is -2 + -6180?
-6182
In base 3, what is 2 - -2200112122?
2200112201
In base 9, what is -22001 - 2?
-22003
In base 13, what is -a5 - -58a?
4b5
In base 5, what is 424211 - 12?
424144
In base 13, what is 11b87b - -1?
11b87c
In base 16, what is 6dc5 - a?
6dbb
In base 14, what is -212b7 + -5?
-212bc
In base 6, what is -211 - -11010?
10355
In base 15, what is 9 + 10068?
10072
In base 4, what is -1120320303 + 10?
-1120320233
In base 9, what is -14 - 1614?
-1628
In base 13, what is 1085 + -1a?
1068
In base 6, what is 3 - -10033?
10040
In base 3, what is -202110202221 - -1?
-202110202220
In base 16, what is 8ef - -3?
8f2
In base 2, what is 11